{"id":229,"date":"2015-03-27T21:53:36","date_gmt":"2015-03-27T19:53:36","guid":{"rendered":"http:\/\/www.hortus-vocalis.de\/?page_id=229"},"modified":"2025-09-16T14:54:06","modified_gmt":"2025-09-16T12:54:06","slug":"ensemble","status":"publish","type":"page","link":"https:\/\/www.hortus-vocalis.de\/?page_id=229","title":{"rendered":"Ensemble"},"content":{"rendered":"<h2>hortus vocalis<\/h2>\n<p>Der Kammerchor hortus vocalis wurde im Dezember 2003 durch seinen damaligen Leiter Markus Wettstein in Berlin gegr\u00fcndet. Das Ensemble pr\u00e4sentiert in kleiner Besetzung ein- bis zweimal j\u00e4hrlich jeweils ein thematisch geschlossenes Programm mit anspruchsvoller Vokalmusik. Neben dem Schwerpunkt Renaissance widmet sich hortus vocalis auch zeitgen\u00f6ssischen Kompositionen und Improvisationen.<\/p>\n<p><a href=\"http:\/\/www.hortus-vocalis.de\/wp-content\/uploads\/2015\/03\/johannis_2014_sc.jpg\"><img loading=\"lazy\" decoding=\"async\" class=\"size-medium wp-image-238 alignleft\" title=\"hortus vocalis 2014\" src=\"http:\/\/www.hortus-vocalis.de\/wp-content\/uploads\/2015\/03\/johannis_2014_sc-300x139.jpg\" alt=\"In St. Johannis\" width=\"300\" height=\"139\" srcset=\"https:\/\/www.hortus-vocalis.de\/wp-content\/uploads\/2015\/03\/johannis_2014_sc-300x139.jpg 300w, https:\/\/www.hortus-vocalis.de\/wp-content\/uploads\/2015\/03\/johannis_2014_sc.jpg 735w\" sizes=\"auto, (max-width: 300px) 100vw, 300px\" \/><\/a>Von 2014 bis 2018 sang hortus vocalis 5 unterschiedliche Programme unter der Leitung von Yuval Weinberg. 2017 leitete Tobias Walenciak ein Projekt als Gastdirigent. 2019 dirigierte Andrea Brown hortus vocalis f\u00fcr ein englisches Programm.<\/p>\n","protected":false},"excerpt":{"rendered":"<p>hortus vocalis Der Kammerchor hortus vocalis wurde im Dezember 2003 durch seinen damaligen Leiter Markus Wettstein in Berlin gegr\u00fcndet. Das Ensemble pr\u00e4sentiert in kleiner Besetzung ein- bis zweimal j\u00e4hrlich jeweils ein thematisch geschlossenes Programm mit anspruchsvoller Vokalmusik. Neben dem Schwerpunkt Renaissance widmet sich hortus vocalis auch zeitgen\u00f6ssischen Kompositionen und Improvisationen. Von 2014 bis 2018 sang &hellip; <\/p>\n<p><a class=\"more-link btn\" href=\"https:\/\/www.hortus-vocalis.de\/?page_id=229\">Continue reading<\/a><\/p>\n","protected":false},"author":1,"featured_media":0,"parent":0,"menu_order":0,"comment_status":"open","ping_status":"open","template":"","meta":{"footnotes":""},"class_list":["post-229","page","type-page","status-publish","hentry","nodate","item-wrap"],"_links":{"self":[{"href":"https:\/\/www.hortus-vocalis.de\/index.php?rest_route=\/wp\/v2\/pages\/229","targetHints":{"allow":["GET"]}}],"collection":[{"href":"https:\/\/www.hortus-vocalis.de\/index.php?rest_route=\/wp\/v2\/pages"}],"about":[{"href":"https:\/\/www.hortus-vocalis.de\/index.php?rest_route=\/wp\/v2\/types\/page"}],"author":[{"embeddable":true,"href":"https:\/\/www.hortus-vocalis.de\/index.php?rest_route=\/wp\/v2\/users\/1"}],"replies":[{"embeddable":true,"href":"https:\/\/www.hortus-vocalis.de\/index.php?rest_route=%2Fwp%2Fv2%2Fcomments&post=229"}],"version-history":[{"count":5,"href":"https:\/\/www.hortus-vocalis.de\/index.php?rest_route=\/wp\/v2\/pages\/229\/revisions"}],"predecessor-version":[{"id":493,"href":"https:\/\/www.hortus-vocalis.de\/index.php?rest_route=\/wp\/v2\/pages\/229\/revisions\/493"}],"wp:attachment":[{"href":"https:\/\/www.hortus-vocalis.de\/index.php?rest_route=%2Fwp%2Fv2%2Fmedia&parent=229"}],"curies":[{"name":"wp","href":"https:\/\/api.w.org\/{rel}","templated":true}]}}

<h2>hortus vocalis</h2>
<p>Der Kammerchor hortus vocalis wurde im Dezember 2003 durch seinen damaligen Leiter Markus Wettstein in Berlin gegründet. Das Ensemble präsentiert in kleiner Besetzung ein- bis zweimal jährlich jeweils ein thematisch geschlossenes Programm mit anspruchsvoller Vokalmusik. Neben dem Schwerpunkt Renaissance widmet sich hortus vocalis auch zeitgenössischen Kompositionen und Improvisationen.</p>
<p><a href="http://www.hortus-vocalis.de/wp-content/uploads/2015/03/johannis_2014_sc.jpg"><img loading="lazy" decoding="async" class="size-medium wp-image-238 alignleft" title="hortus vocalis 2014" src="http://www.hortus-vocalis.de/wp-content/uploads/2015/03/johannis_2014_sc-300x139.jpg" alt="In St. Johannis" width="300" height="139" srcset="https://www.hortus-vocalis.de/wp-content/uploads/2015/03/johannis_2014_sc-300x139.jpg 300w, https://www.hortus-vocalis.de/wp-content/uploads/2015/03/johannis_2014_sc.jpg 735w" sizes="auto, (max-width: 300px) 100vw, 300px" /></a>Von 2014 bis 2018 sang hortus vocalis 5 unterschiedliche Programme unter der Leitung von Yuval Weinberg. 2017 leitete Tobias Walenciak ein Projekt als Gastdirigent. 2019 dirigierte Andrea Brown hortus vocalis für ein englisches Programm.</p>

<p>hortus vocalis Der Kammerchor hortus vocalis wurde im Dezember 2003 durch seinen damaligen Leiter Markus Wettstein in Berlin gegründet. Das Ensemble präsentiert in kleiner Besetzung ein- bis zweimal jährlich jeweils ein thematisch geschlossenes Programm mit anspruchsvoller Vokalmusik. Neben dem Schwerpunkt Renaissance widmet sich hortus vocalis auch zeitgenössischen Kompositionen und Improvisationen. Von 2014 bis 2018 sang &hellip; </p>
<p><a class="more-link btn" href="https://www.hortus-vocalis.de/?page_id=229">Continue reading</a></p>
